t common factor of 441 and 756?
63
Calculate the greatest common divisor of 32 and 784.
16
What is the highest common factor of 52 and 22438?
26
Calculate the highest common factor of 26 and 14404.
26
Calculate the highest common divisor of 7072 and 13.
13
What is the greatest common divisor of 5993 and 13?
13
What is the highest common divisor of 1225 and 1365?
35
Calculate the greatest common factor of 8 and 708.
4
Calculate the greatest common divisor of 80 and 1160.
40
Calculate the highest common factor of 1353 and 205.
41
Calculate the greatest common divisor of 6125 and 49.
49
What is the highest common factor of 2816 and 33?
11
What is the highest common factor of 57 and 76?
19
What is the greatest common factor of 1976 and 38?
38
Calculate the highest common divisor of 1387 and 19.
19
What is the greatest common divisor of 8368 and 16?
16
What is the highest common factor of 95 and 25?
5
Calculate the highest common factor of 1224 and 340.
68
What is the greatest common factor of 33 and 1749?
33
What is the greatest common divisor of 378 and 36?
18
What is the highest common divisor of 140 and 910?
70
Calculate the highest common divisor of 850 and 68.
34
What is the greatest common divisor of 11 and 154?
11
What is the greatest common divisor of 3900 and 125?
25
Calculate the highest common divisor of 30 and 87.
3
Calculate the greatest common divisor of 253 and 6601.
23
What is the greatest common divisor of 133 and 1216?
19
What is the highest common factor of 280 and 140?
140
Calculate the greatest common divisor of 427 and 61.
61
What is the greatest common divisor of 54 and 7?
1
What is the highest common factor of 294 and 231?
21
What is the greatest common factor of 366 and 654?
6
Calculate the highest common factor of 2200 and 1496.
88
Calculate the highest common divisor of 201 and 6767.
67
What is the greatest common factor of 28 and 308?
28
What is the greatest common divisor of 828 and 60?
12
What is the greatest common factor of 63 and 9002?
7
Calculate the greatest common divisor of 39 and 2262.
39
Calculate the greatest common factor of 2608 and 163.
163
What is the highest common factor of 11907 and 196?
49
Calculate the highest common divisor of 41 and 9799.
41
Calculate the greatest common divisor of 3872 and 220.
44
What is the highest common factor of 10412 and 76?
76
What is the highest common factor of 197 and 83922?
197
What is the greatest common divisor of 192 and 9?
3
What is the highest common factor of 77 and 49?
7
What is the highest common divisor of 85 and 13226?
17
What is the highest common factor of 3 and 123?
3
What is the highest common divisor of 34 and 238?
34
Calculate the highest common divisor of 1022 and 28.
14
What is the highest common factor of 3780 and 36?
36
Calculate the greatest common divisor of 93 and 1581.
93
What is the highest common factor of 286 and 66?
22
Calculate the highest common divisor of 273 and 37947.
273
Calculate the greatest common factor of 38 and 817.
19
Calculate the greatest common divisor of 44 and 7172.
44
Calculate the highest common factor of 1161 and 27.
27
Calculate the highest common factor of 252 and 105.
21
What is the greatest common divisor of 414 and 1278?
18
Calculate the greatest common divisor of 8901 and 207.
207
Calculate the highest common factor of 791 and 329.
7
What is the highest common divisor of 79 and 1501?
79
What is the greatest common divisor of 64 and 736?
32
Calculate the highest common factor of 252 and 10752.
84
Calculate the greatest common factor of 304 and 8.
8
What is the highest common divisor of 297 and 55?
11
Calculate the highest common divisor of 174 and 6.
6
What is the highest common factor of 1116 and 868?
124
Calculate the highest common divisor of 33 and 781.
11
Calculate the highest common factor of 264 and 24.
24
What is the greatest common divisor of 48 and 8?
8
What is the highest common factor of 75 and 885?
15
What is the greatest common divisor of 18 and 36?
18
What is the highest common divisor of 1776 and 333?
111
Calculate the highest common factor of 35 and 15.
5
What is the highest common factor of 52 and 1300?
52
Calculate the highest common factor of 882 and 3136.
98
What is the greatest common factor of 66 and 242?
22
What is the greatest common factor of 90 and 32?
2
What is the highest common factor of 198 and 693?
99
Calculate the greatest common factor of 16 and 566.
2
What is the highest common divisor of 170 and 238?
34
Calculate the highest common factor of 16046 and 142.
142
Calculate the highest common factor of 1207 and 568.
71
What is the greatest common factor of 20 and 50?
10
What is the greatest common factor of 84 and 588?
84
Calculate the greatest common factor of 3 and 229.
1
Calculate the highest common factor of 850 and 136.
34
What is the greatest common divisor of 504 and 792?
72
Calculate the highest common factor of 5 and 65.
5
What is the greatest common factor of 190 and 114?
38
What is the greatest common divisor of 8 and 100?
4
What is the highest common divisor of 20 and 2550?
10
Calculate the greatest common factor of 48 and 108.
12
What is the highest common divisor of 165 and 1395?
15
What is the highest common divisor of 484 and 4?
4
Calculate the highest common factor of 121 and 47.
1
Calculate the greatest common divisor of 252 and 189.
63
Calculate the greatest common factor of 51 and 5797.
17
Calculate the highest common divisor of 12 and 5268.
12
What is the highest common factor of 156 and 78?
78
What is the highest common factor of 378 and 81?
27
What is the highest common factor of 23415 and 105?
105
What is the greatest common divisor of 11336 and 312?
104
Calculate the greatest common divisor of 3 and 1731.
3
What is the highest common factor of 2432 and 128?
128
What is the highest common factor of 13 and 117?
13
What is the greatest common factor of 4 and 3356?
4
Calculate the greatest common divisor of 820 and 2.
2
Calculate the highest common divisor of 112 and 32.
16
What is the greatest common divisor of 4 and 32?
4
Calculate the greatest common divisor of 84 and 1932.
84
What is the greatest common divisor of 6 and 31950?
6
Calculate the highest common factor of 14475 and 100.
25
What is the highest common factor of 15 and 411?
3
Calculate the highest common factor of 799 and 376.
47
Calculate the greatest common factor of 22 and 1144.
22
What is the greatest common divisor of 644 and 224?
28
What is the highest common divisor of 31 and 4495?
31
Calculate the greatest common divisor of 485 and 679.
97
Calculate the greatest common divisor of 170 and 15.
5
Calculate the highest common divisor of 387 and 215.
43
Calculate the highest common divisor of 805 and 105.
35
What is the highest common divisor of 2220 and 5?
5
Calculate the greatest common factor of 92 and 6808.
92
What is the greatest common factor of 8487 and 2691?
207
What is the highest common factor of 12 and 960?
12
What is the highest common divisor of 63 and 105?
21
What is the greatest common divisor of 10 and 9530?
10
Calculate the highest common divisor of 23 and 115.
23
Calculate the greatest common divisor of 456 and 57.
57
What is the highest common factor of 94 and 423?
47
Calculate the greatest common factor of 18 and 14.
2
Calculate the highest common factor of 122 and 61.
61
Calculate the highest common divisor of 1010 and 20.
10
What is the greatest common factor of 195 and 130?
65
What is the highest common divisor of 45 and 105?
15
What is the highest common factor of 1502 and 30?
2
Calculate the greatest common factor of 10013 and 19.
19
What is the greatest common factor of 15 and 15?
15
What is the highest common divisor of 4 and 1324?
4
What is the greatest common factor of 400 and 890?
10
What is the greatest common factor of 442 and 26?
26
Calculate the greatest common divisor of 6992 and 23.
23
Calculate the greatest common divisor of 496 and 64.
16
What is the highest common factor of 5005 and 55?
55
What is the highest common divisor of 12 and 7932?
12
Calculate the greatest common factor of 48 and 1296.
48
What is the greatest common divisor of 17 and 2057?
17
What is the greatest common divisor of 3 and 1479?
3
What is the greatest common factor of 60 and 6612?
1